{"id":263,"date":"2025-04-03T14:18:54","date_gmt":"2025-04-03T14:18:54","guid":{"rendered":"http:\/\/cointer.com\/?page_id=263"},"modified":"2025-04-03T14:18:54","modified_gmt":"2025-04-03T14:18:54","slug":"nuestros-servicios","status":"publish","type":"page","link":"https:\/\/cointer.com\/index.php\/nuestros-servicios\/","title":{"rendered":"Nuestro servicios"},"content":{"rendered":"\n<div class=\"wp-block-cover alignfull is-light\" style=\"min-height:100vh;aspect-ratio:unset;\"><span aria-hidden=\"true\" class=\"wp-block-cover__background has-background-dim\" style=\"background-color:#8c8578\"><\/span><img fetchpriority=\"high\" decoding=\"async\" width=\"1280\" height=\"796\" class=\"wp-block-cover__image-background wp-image-343\" alt=\"\" src=\"http:\/\/cointer.com\/wp-content\/uploads\/2024\/07\/building-91228_1280.jpg\" data-object-fit=\"cover\" srcset=\"https:\/\/cointer.com\/wp-content\/uploads\/2024\/07\/building-91228_1280.jpg 1280w, https:\/\/cointer.com\/wp-content\/uploads\/2024\/07\/building-91228_1280-300x187.jpg 300w, https:\/\/cointer.com\/wp-content\/uploads\/2024\/07\/building-91228_1280-1024x637.jpg 1024w, https:\/\/cointer.com\/wp-content\/uploads\/2024\/07\/building-91228_1280-768x478.jpg 768w\" sizes=\"(max-width: 1280px) 100vw, 1280px\" \/><div class=\"wp-block-cover__inner-container is-layout-constrained wp-block-cover-is-layout-constrained\">\n<h1 class=\"wp-block-heading has-text-align-center\" style=\"font-size:100px\">Nuestro servicios.<\/h1>\n<\/div><\/div>\n\n\n\n<div style=\"height:18px\" aria-hidden=\"true\" class=\"wp-block-spacer\"><\/div>\n\n\n\n<p>En <strong>Cointer<\/strong>, somos un puente de confianza entre<strong> China<\/strong> y <strong>Europa<\/strong>, ofreciendo una soluci\u00f3n integral para empresas que desean expandirse y distribuir productos en el mercado europeo. Actuamos como tu <strong>intermediario estrat\u00e9gico<\/strong> proporcionando una amplia gama de servicios, desde la <strong>log\u00edstica<\/strong> y el <strong>cumplimiento normativo<\/strong>, hasta el <strong>dise\u00f1o<\/strong> y la <strong>gesti\u00f3n postventa<\/strong>. Con <strong>oficinas en Europa y Asia<\/strong>, garantizamos un control total del proceso y una experiencia sin barreras.<\/p>\n\n\n\n<h2 class=\"wp-block-heading has-text-color has-link-color has-x-large-font-size wp-elements-c021aceaadec8f77a3d694a11e5dfd25\" style=\"color:#012045\">Servicios de importaci\u00f3n en Espa\u00f1a<\/h2>\n\n\n\n<p>Ofrecemos una gama completa de servicios para facilitar tu proceso de importaci\u00f3n en Espa\u00f1a. Desde la log\u00edstica y el cumplimiento de normativas hasta los tr\u00e1mites y la documentaci\u00f3n, nuestro equipo de expertos est\u00e1 aqu\u00ed para ayudarte en cada paso del camino<\/p>\n\n\n\n<h3 class=\"wp-block-heading has-text-color has-link-color has-large-font-size wp-elements-a37aee3c17db9f1d793cc2d609adf12f\" id=\"comercioexterior\" style=\"color:#012045\">Log\u00edstica de importaci\u00f3n  <\/h3>\n\n\n\n<div class=\"wp-block-media-text is-stacked-on-mobile\"><figure class=\"wp-block-media-text__media\"><img decoding=\"async\" width=\"1024\" height=\"683\" src=\"http:\/\/cointer.com\/wp-content\/uploads\/2024\/07\/industrial-hall-1630737_1280-1024x683.jpg\" alt=\"\" class=\"wp-image-339 size-full\" srcset=\"https:\/\/cointer.com\/wp-content\/uploads\/2024\/07\/industrial-hall-1630737_1280-1024x683.jpg 1024w, https:\/\/cointer.com\/wp-content\/uploads\/2024\/07\/industrial-hall-1630737_1280-300x200.jpg 300w, https:\/\/cointer.com\/wp-content\/uploads\/2024\/07\/industrial-hall-1630737_1280-768x512.jpg 768w, https:\/\/cointer.com\/wp-content\/uploads\/2024\/07\/industrial-hall-1630737_1280-600x400.jpg 600w, https:\/\/cointer.com\/wp-content\/uploads\/2024\/07\/industrial-hall-1630737_1280.jpg 1280w\" sizes=\"(max-width: 1024px) 100vw, 1024px\" \/><\/figure><div class=\"wp-block-media-text__content\">\n<p>En el comercio internacional, la log\u00edstica de importaci\u00f3n es crucial. Ofrecemos <strong>almacenes estrat\u00e9gicos<\/strong> en Europa para que tu empresa pueda operar sin necesidad de invertir en infraestructura propia. Nuestra <strong>log\u00edstica avanzada<\/strong> asegura una cadena de suministro eficiente, con transporte seguro y gesti\u00f3n optimizada de inventarios.<\/p>\n\n\n\n<p>Cubrimos desde importaciones de China a Espa\u00f1a hasta productos variados en Espa\u00f1a. Nuestro equipo de expertos asegura el cumplimiento de normativas aduaneras en Espa\u00f1a y maneja cada etapa con precisi\u00f3n, asegurando que tus mercanc\u00edas lleguen a tiempo y en \u00f3ptimas condiciones.<\/p>\n\n\n\n<ul class=\"wp-block-list\">\n<li><strong>Alquiler de almacenes en Europa<\/strong>.<\/li>\n\n\n\n<li><strong>Transporte y distribuci\u00f3n<\/strong> conforme a las normativas europeas.<\/li>\n\n\n\n<li><strong>Gesti\u00f3n de stock e inventarios<\/strong> en tiempo real.<\/li>\n\n\n\n<li><strong>Soluciones personalizadas<\/strong> para distintos tipos de carga y volumen.<\/li>\n<\/ul>\n<\/div><\/div>\n\n\n\n<div style=\"height:18px\" aria-hidden=\"true\" class=\"wp-block-spacer\"><\/div>\n\n\n\n<h3 class=\"wp-block-heading has-text-align-right has-text-color has-link-color has-large-font-size wp-elements-fbea5ab8785a1c912cd6c9c924db9fe9\" id=\"logistica\" style=\"color:#012045\">Normativas de importaci\u00f3n<\/h3>\n\n\n\n<div class=\"wp-block-media-text has-media-on-the-right is-stacked-on-mobile\"><div class=\"wp-block-media-text__content\">\n<p>En <strong>Cointer Electr\u00f3nica<\/strong>, te brindamos una asesor\u00eda especializada en todo el proceso de importaci\u00f3n en Espa\u00f1a, asegur\u00e1ndonos de que tu empresa cumpla con todas las regulaciones aduaneras y requisitos legales. Nuestro equipo de expertos se encarga de guiarte a trav\u00e9s de las normativas locales y europeas, minimizando cualquier riesgo legal asociado con el proceso de importaci\u00f3n. <\/p>\n\n\n\n<p>Nos aseguramos de que tus productos cumplan con los est\u00e1ndares de <strong>calidad<\/strong> y <strong>seguridad<\/strong> exigidos por las autoridades, facilitando cada paso del proceso. Con nuestra <strong>asesor\u00eda especializada<\/strong>, podr\u00e1s evitar sanciones y garantizar el cumplimiento total de las regulaciones, lo que te permitir\u00e1 concentrarte en el desarrollo de tu negocio mientras nosotros nos encargamos de los aspectos legales y normativos.<\/p>\n<\/div><figure class=\"wp-block-media-text__media\"><img decoding=\"async\" width=\"849\" height=\"565\" src=\"https:\/\/cointer.com\/wp-content\/uploads\/2025\/04\/sem_1114_comercio-exterior-010422-120634.jpg\" alt=\"\" class=\"wp-image-633 size-full\" srcset=\"https:\/\/cointer.com\/wp-content\/uploads\/2025\/04\/sem_1114_comercio-exterior-010422-120634.jpg 849w, https:\/\/cointer.com\/wp-content\/uploads\/2025\/04\/sem_1114_comercio-exterior-010422-120634-300x200.jpg 300w, https:\/\/cointer.com\/wp-content\/uploads\/2025\/04\/sem_1114_comercio-exterior-010422-120634-768x511.jpg 768w\" sizes=\"(max-width: 849px) 100vw, 849px\" \/><\/figure><\/div>\n\n\n\n<div style=\"height:18px\" aria-hidden=\"true\" class=\"wp-block-spacer\"><\/div>\n\n\n\n<h3 class=\"wp-block-heading has-text-color has-link-color has-large-font-size wp-elements-ef6872a61d4cab440a77a5230d397616\" style=\"color:#012045\">Tr\u00e1mites y documentaci\u00f3n de importaci\u00f3n<\/h3>\n\n\n\n<div class=\"wp-block-media-text has-media-on-the-right is-stacked-on-mobile\"><div class=\"wp-block-media-text__content\">\n<p>Nos encargamos de todos los tr\u00e1mites y documentos necesarios para importar en Espa\u00f1a, asegurando que todo cumpla con las normativas legales y aduaneras. <\/p>\n\n\n\n<p>Lo que te ofrecemos:<\/p>\n\n\n\n<ul class=\"wp-block-list\">\n<li><strong>Gesti\u00f3n integral<\/strong>: Simplificamos todos los tr\u00e1mites.<\/li>\n\n\n\n<li><strong>Documentaci\u00f3n precisa<\/strong>: Preparaci\u00f3n exacta de papeles.<\/li>\n\n\n\n<li><strong>Facilitaci\u00f3n del proceso<\/strong>: Aceleramos la importaci\u00f3n.<\/li>\n\n\n\n<li><strong>Servicio postventa<\/strong>: Apoyo continuo para tu satisfacci\u00f3n.<\/li>\n<\/ul>\n<\/div><figure class=\"wp-block-media-text__media\"><img loading=\"lazy\" decoding=\"async\" width=\"1024\" height=\"686\" src=\"http:\/\/cointer.com\/wp-content\/uploads\/2024\/07\/dock-441989_1280-1024x686.jpg\" alt=\"\" class=\"wp-image-337 size-full\" srcset=\"https:\/\/cointer.com\/wp-content\/uploads\/2024\/07\/dock-441989_1280-1024x686.jpg 1024w, https:\/\/cointer.com\/wp-content\/uploads\/2024\/07\/dock-441989_1280-300x201.jpg 300w, https:\/\/cointer.com\/wp-content\/uploads\/2024\/07\/dock-441989_1280-768x514.jpg 768w, https:\/\/cointer.com\/wp-content\/uploads\/2024\/07\/dock-441989_1280.jpg 1280w\" sizes=\"(max-width: 1024px) 100vw, 1024px\" \/><\/figure><\/div>\n\n\n\n<h3 class=\"wp-block-heading has-text-color has-link-color has-large-font-size wp-elements-9a791295ba9692e913d172652c5ea7b7\" style=\"color:#012045\">Nuestra metodolog\u00eda  <\/h3>\n\n\n\n<div class=\"wp-block-columns are-vertically-aligned-top is-layout-flex wp-container-core-columns-is-layout-00723822 wp-block-columns-is-layout-flex\">\n<div class=\"wp-block-column is-vertically-aligned-top is-layout-flow wp-container-core-column-is-layout-6b73ce23 wp-block-column-is-layout-flow\">\n<h2 class=\"wp-block-heading has-text-align-center\">1\u00ba<\/h2>\n\n\n\n<h3 class=\"wp-block-heading has-text-align-center has-text-color has-link-color wp-elements-bb91c90283fcd034b44f2f54dc1e5644\" style=\"color:#012045;margin-top:16px\">Consulta inicial<\/h3>\n\n\n\n<p class=\"has-text-align-center\">Evaluamos tus necesidades de importaci\u00f3n.<\/p>\n<\/div>\n\n\n\n<div class=\"wp-block-column is-vertically-aligned-top is-layout-flow wp-container-core-column-is-layout-6b73ce23 wp-block-column-is-layout-flow\">\n<h2 class=\"wp-block-heading has-text-align-center\">2\u00ba<\/h2>\n\n\n\n<h3 class=\"wp-block-heading has-text-align-center has-text-color has-link-color wp-elements-8c43d33c8b877d2ef795600bb6e32702\" style=\"color:#012045;margin-top:16px\">Planificaci\u00f3n de importaci\u00f3n <\/h3>\n\n\n\n<p class=\"has-text-align-center\">Dise\u00f1amos un plan log\u00edstico y normativo personalizado<\/p>\n<\/div>\n\n\n\n<div class=\"wp-block-column is-vertically-aligned-top is-layout-flow wp-container-core-column-is-layout-6b73ce23 wp-block-column-is-layout-flow\">\n<h2 class=\"wp-block-heading has-text-align-center\">3\u00ba<\/h2>\n\n\n\n<h3 class=\"wp-block-heading has-text-align-center has-text-color has-link-color wp-elements-b912266ad83bb4485ec1527e1d415c1c\" style=\"color:#012045;margin-top:16px\">Ejecuci\u00f3n de importaci\u00f3n <\/h3>\n\n\n\n<p class=\"has-text-align-center\">Implementamos el plan y gestionamos el proceso de importaci\u00f3n.<\/p>\n<\/div>\n\n\n\n<div class=\"wp-block-column is-vertically-aligned-top is-layout-flow wp-container-core-column-is-layout-6b73ce23 wp-block-column-is-layout-flow\">\n<h2 class=\"wp-block-heading has-text-align-center\">4\u00ba<\/h2>\n\n\n\n<h3 class=\"wp-block-heading has-text-align-center has-text-color has-link-color wp-elements-4777935014d241d8c83310ef03172d6c\" style=\"color:#012045;margin-top:16px\">Seguimiento<\/h3>\n\n\n\n<p class=\"has-text-align-center\">Supervisamos cada etapa y resolvemos cualquier incidencia.<\/p>\n<\/div>\n<\/div>\n\n\n\n<h2 class=\"wp-block-heading has-text-color has-link-color has-x-large-font-size wp-elements-f002e8d38b580eabfaf83b9cc09dfb92\" style=\"color:#012045\">Otros servicios<\/h2>\n\n\n\n<h3 class=\"wp-block-heading has-text-color has-link-color has-large-font-size wp-elements-2943f6dbf60247601f578c4efa018377\" style=\"color:#012045\">Departamento de Servicio t\u00e9cnico<\/h3>\n\n\n\n<div class=\"wp-block-media-text has-media-on-the-right is-stacked-on-mobile\"><div class=\"wp-block-media-text__content\">\n<p>Contamos con un equipo de <strong>profesionales especializados<\/strong> que gestionan un flujo constante de incidencias, tanto comunes como complejas. Con experiencia en <strong>pantallas, smart TVs, monitores, electr\u00f3nica de consumo<\/strong> y <strong>electrodom\u00e9sticos<\/strong>, nuestros talleres est\u00e1n optimizados para resolver cualquier problema t\u00e9cnico y mejorar futuros productos.<\/p>\n<\/div><figure class=\"wp-block-media-text__media\"><img loading=\"lazy\" decoding=\"async\" width=\"1024\" height=\"682\" src=\"http:\/\/cointer.com\/wp-content\/uploads\/2024\/07\/pc-5737958_1280-1024x682.jpg\" alt=\"\" class=\"wp-image-340 size-full\" srcset=\"https:\/\/cointer.com\/wp-content\/uploads\/2024\/07\/pc-5737958_1280-1024x682.jpg 1024w, https:\/\/cointer.com\/wp-content\/uploads\/2024\/07\/pc-5737958_1280-300x200.jpg 300w, https:\/\/cointer.com\/wp-content\/uploads\/2024\/07\/pc-5737958_1280-768x512.jpg 768w, https:\/\/cointer.com\/wp-content\/uploads\/2024\/07\/pc-5737958_1280-600x400.jpg 600w, https:\/\/cointer.com\/wp-content\/uploads\/2024\/07\/pc-5737958_1280.jpg 1280w\" sizes=\"(max-width: 1024px) 100vw, 1024px\" \/><\/figure><\/div>\n\n\n\n<h3 class=\"wp-block-heading has-text-align-right has-text-color has-link-color has-large-font-size wp-elements-cfa9ce0cb390988b25bbb4b35cd459c6\" id=\"ventaonline\" style=\"color:#012045\"><a href=\"https:\/\/grunkel.com\/\">Departamento de Venta online<\/a><\/h3>\n\n\n\n<div class=\"wp-block-media-text is-stacked-on-mobile\"><figure class=\"wp-block-media-text__media\"><img loading=\"lazy\" decoding=\"async\" width=\"1024\" height=\"682\" src=\"http:\/\/cointer.com\/wp-content\/uploads\/2024\/07\/digital-marketing-1725340_1280-1024x682.jpg\" alt=\"\" class=\"wp-image-341 size-full\" srcset=\"https:\/\/cointer.com\/wp-content\/uploads\/2024\/07\/digital-marketing-1725340_1280-1024x682.jpg 1024w, https:\/\/cointer.com\/wp-content\/uploads\/2024\/07\/digital-marketing-1725340_1280-300x200.jpg 300w, https:\/\/cointer.com\/wp-content\/uploads\/2024\/07\/digital-marketing-1725340_1280-768x512.jpg 768w, https:\/\/cointer.com\/wp-content\/uploads\/2024\/07\/digital-marketing-1725340_1280-600x400.jpg 600w, https:\/\/cointer.com\/wp-content\/uploads\/2024\/07\/digital-marketing-1725340_1280.jpg 1280w\" sizes=\"(max-width: 1024px) 100vw, 1024px\" \/><\/figure><div class=\"wp-block-media-text__content\">\n<p>Cointer Electr\u00f3nica se especializa en la gesti\u00f3n integral de productos para marcas y clientes, abarcando desde la creaci\u00f3n del producto hasta su publicaci\u00f3n y optimizaci\u00f3n en marketplaces como Amazon y eBay. Nos encargamos de la gesti\u00f3n de cat\u00e1logos, asegurando una correcta optimizaci\u00f3n de env\u00edos y ventas, tanto en modalidad FBA como FBM, para maximizar la eficiencia en cada etapa del proceso.<\/p>\n\n\n\n<p>Adem\u00e1s, ofrecemos un servicio completo de optimizaci\u00f3n de fichas de producto y la gesti\u00f3n de campa\u00f1as publicitarias (Ads), con el objetivo de aumentar la visibilidad y rentabilidad de los productos. Nuestro equipo tambi\u00e9n se encarga de implementar estrategias de SEO, marketing digital y el desarrollo de la imagen de marca, garantizando el \u00e9xito y la competitividad de los productos en las plataformas online.<\/p>\n\n\n\n<p><\/p>\n<\/div><\/div>\n\n\n\n<h3 class=\"wp-block-heading has-text-color has-link-color has-large-font-size wp-elements-825a22c73f56bd176c76d263d689f7e5\" style=\"color:#012045\">Departamento de producto<\/h3>\n\n\n\n<div class=\"wp-block-media-text has-media-on-the-right is-stacked-on-mobile\"><div class=\"wp-block-media-text__content\">\n<p>Nos encargamos de <strong>todas las fases<\/strong> del desarrollo del producto, desde la idea inicial hasta la postventa, asegur\u00e1ndonos de que todo se ajuste a las <strong>necesidades del mercado<\/strong>, incluyendo <strong>estudios de mercado<\/strong>, <strong>dise\u00f1o<\/strong>, <strong>certificaciones<\/strong> y m\u00e1s.<\/p>\n<\/div><figure class=\"wp-block-media-text__media\"><img loading=\"lazy\" decoding=\"async\" width=\"1024\" height=\"640\" src=\"http:\/\/cointer.com\/wp-content\/uploads\/2024\/06\/meeting-2284501_1280-1024x640.jpg\" alt=\"\" class=\"wp-image-179 size-full\" srcset=\"https:\/\/cointer.com\/wp-content\/uploads\/2024\/06\/meeting-2284501_1280-1024x640.jpg 1024w, https:\/\/cointer.com\/wp-content\/uploads\/2024\/06\/meeting-2284501_1280-300x188.jpg 300w, https:\/\/cointer.com\/wp-content\/uploads\/2024\/06\/meeting-2284501_1280-768x480.jpg 768w, https:\/\/cointer.com\/wp-content\/uploads\/2024\/06\/meeting-2284501_1280.jpg 1280w\" sizes=\"(max-width: 1024px) 100vw, 1024px\" \/><\/figure><\/div>\n\n\n\n<div style=\"height:18px\" aria-hidden=\"true\" class=\"wp-block-spacer\"><\/div>\n\n\n\n<h3 class=\"wp-block-heading has-text-color has-link-color has-large-font-size wp-elements-b7cd815e612fe654ba63150043886c27\" style=\"color:#012045\">Departamento de dise\u00f1o y marketing<\/h3>\n\n\n\n<div class=\"wp-block-media-text is-stacked-on-mobile\"><figure class=\"wp-block-media-text__media\"><img loading=\"lazy\" decoding=\"async\" width=\"1024\" height=\"682\" src=\"http:\/\/cointer.com\/wp-content\/uploads\/2024\/07\/startup-3267505_1280-1024x682.jpg\" alt=\"\" class=\"wp-image-342 size-full\" srcset=\"https:\/\/cointer.com\/wp-content\/uploads\/2024\/07\/startup-3267505_1280-1024x682.jpg 1024w, https:\/\/cointer.com\/wp-content\/uploads\/2024\/07\/startup-3267505_1280-300x200.jpg 300w, https:\/\/cointer.com\/wp-content\/uploads\/2024\/07\/startup-3267505_1280-768x512.jpg 768w, https:\/\/cointer.com\/wp-content\/uploads\/2024\/07\/startup-3267505_1280-600x400.jpg 600w, https:\/\/cointer.com\/wp-content\/uploads\/2024\/07\/startup-3267505_1280.jpg 1280w\" sizes=\"(max-width: 1024px) 100vw, 1024px\" \/><\/figure><div class=\"wp-block-media-text__content\">\n<p>Te ayudamos a <strong>optimizar tu producto<\/strong> tanto digital como f\u00edsicamente, con un enfoque completo en la <strong>estrategia de branding<\/strong>. Desde el dise\u00f1o del <strong>packaging<\/strong> y los <strong>manuales<\/strong>, hasta la <strong>producci\u00f3n de videos promocionales<\/strong> y <strong>fotograf\u00edas<\/strong>, pensamos en cada detalle para que tu marca tenga el m\u00e1ximo impacto.<\/p>\n<\/div><\/div>\n\n\n\n<div style=\"height:18px\" aria-hidden=\"true\" class=\"wp-block-spacer\"><\/div>\n\n\n\n<div class=\"wp-block-group alignfull has-ast-global-color-4-background-color has-background is-layout-constrained wp-container-core-group-is-layout-cfcca693 wp-block-group-is-layout-constrained\" id=\"contact\" style=\"padding-top:104px;padding-bottom:104px\">\n<h2 class=\"wp-block-heading has-text-align-center has-text-color\" style=\"color:#565656\"><a href=\"http:\/\/cointer.com\/index.php\/trabaja-con-nosotros\/#formularioredcomercial\">Env\u00edanos tu propuesta de negocio<\/a><\/h2>\n<\/div>\n\n\n\n<p>taf<\/p>\n\n\n\n<p><\/p>\n","protected":false},"excerpt":{"rendered":"<p>En Cointer, somos un puente de confianza entre China y Europa, ofreciendo una soluci\u00f3n integral para empresas que desean expandirse [&hellip;]<\/p>\n","protected":false},"author":1,"featured_media":0,"parent":0,"menu_order":0,"comment_status":"closed","ping_status":"closed","template":"","meta":{"site-sidebar-layout":"default","site-content-layout":"","ast-site-content-layout":"","site-content-style":"default","site-sidebar-style":"default","ast-global-header-display":"","ast-banner-title-visibility":"","ast-main-header-display":"","ast-hfb-above-header-display":"","ast-hfb-below-header-display":"","ast-hfb-mobile-header-display":"","site-post-title":"disabled","ast-breadcrumbs-content":"","ast-featured-img":"","footer-sml-layout":"","theme-transparent-header-meta":"","adv-header-id-meta":"","stick-header-meta":"","header-above-stick-meta":"","header-main-stick-meta":"","header-below-stick-meta":"","astra-migrate-meta-layouts":"default","ast-page-background-enabled":"default","ast-page-background-meta":{"desktop":{"background-color":"var(--ast-global-color-4)","background-image":"","background-repeat":"repeat","background-position":"center center","background-size":"auto","background-attachment":"scroll","background-type":"","background-media":"","overlay-type":"","overlay-color":"","overlay-opacity":"","overlay-gradient":""},"tablet":{"background-color":"","background-image":"","background-repeat":"repeat","background-position":"center center","background-size":"auto","background-attachment":"scroll","background-type":"","background-media":"","overlay-type":"","overlay-color":"","overlay-opacity":"","overlay-gradient":""},"mobile":{"background-color":"","background-image":"","background-repeat":"repeat","background-position":"center center","background-size":"auto","background-attachment":"scroll","background-type":"","background-media":"","overlay-type":"","overlay-color":"","overlay-opacity":"","overlay-gradient":""}},"ast-content-background-meta":{"desktop":{"background-color":"var(--ast-global-color-5)","background-image":"","background-repeat":"repeat","background-position":"center center","background-size":"auto","background-attachment":"scroll","background-type":"","background-media":"","overlay-type":"","overlay-color":"","overlay-opacity":"","overlay-gradient":""},"tablet":{"background-color":"var(--ast-global-color-5)","background-image":"","background-repeat":"repeat","background-position":"center center","background-size":"auto","background-attachment":"scroll","background-type":"","background-media":"","overlay-type":"","overlay-color":"","overlay-opacity":"","overlay-gradient":""},"mobile":{"background-color":"var(--ast-global-color-5)","background-image":"","background-repeat":"repeat","background-position":"center center","background-size":"auto","background-attachment":"scroll","background-type":"","background-media":"","overlay-type":"","overlay-color":"","overlay-opacity":"","overlay-gradient":""}},"footnotes":""},"class_list":["post-263","page","type-page","status-publish","hentry"],"_links":{"self":[{"href":"https:\/\/cointer.com\/index.php\/wp-json\/wp\/v2\/pages\/263","targetHints":{"allow":["GET"]}}],"collection":[{"href":"https:\/\/cointer.com\/index.php\/wp-json\/wp\/v2\/pages"}],"about":[{"href":"https:\/\/cointer.com\/index.php\/wp-json\/wp\/v2\/types\/page"}],"author":[{"embeddable":true,"href":"https:\/\/cointer.com\/index.php\/wp-json\/wp\/v2\/users\/1"}],"replies":[{"embeddable":true,"href":"https:\/\/cointer.com\/index.php\/wp-json\/wp\/v2\/comments?post=263"}],"version-history":[{"count":29,"href":"https:\/\/cointer.com\/index.php\/wp-json\/wp\/v2\/pages\/263\/revisions"}],"predecessor-version":[{"id":640,"href":"https:\/\/cointer.com\/index.php\/wp-json\/wp\/v2\/pages\/263\/revisions\/640"}],"wp:attachment":[{"href":"https:\/\/cointer.com\/index.php\/wp-json\/wp\/v2\/media?parent=263"}],"curies":[{"name":"wp","href":"https:\/\/api.w.org\/{rel}","templated":true}]}}